3*r - 14 - y*r + 3*r. What is the units digit of v(-6)?
4
Let a = 47 - -21. What is the units digit of a?
8
Let p(n) = -n**3 - n**2 - n + 30. Suppose 39 = -2*m - 5*g + 14, 2*m - 4*g = 20. Let l be p(m). Suppose -5*c = -0*c - l. What is the units digit of c?
6
Let x be -12 - 2 - (-1 + 1). What is the units digit of (-1 + -1)/(x/77)?
1
Let z(p) = p**2 - 6*p + 4. What is the tens digit of z(13)?
9
Suppose 5*y + f + 6 = 0, -y - 22 = f - 6*f. Let c be (-1480)/14 + y/7. What is the units digit of c/(-14) + (-9)/(-21)?
8
Suppose 0 = -j - 4*u + 2*u + 35, 0 = 5*j - u - 175. What is the tens digit of j?
3
Let i(v) = v**3 + v**2 - 2*v + 1. What is the units digit of i(4)?
3
Let m(g) = 2*g + 1. Let k be m(-3). Let j = k + 15. What is the tens digit of j?
1
Suppose 4*a + 114 = 7*a. What is the units digit of a?
8
Let d be (-1)/(-3) + (-5)/(-3). Let v = 44 - d. What is the units digit of v?
2
Let r(m) = m**2 + 8*m + 10. Let k be r(-7). Suppose k*q - 2 + 1 = l, l = 5*q - 1. Suppose -5*z - 40 + 115 = q. What is the units digit of z?
5
Let c(l) = -l**2 - 8*l - 5. Let s be c(-7). Let t = 6 - s. Suppose 4 = j, -4*o + 0*j + 12 = -t*j. What is the units digit of o?
7
Let w = 19 + -22. Let u = 36 + w. What is the units digit of u?
3
Let g(d) = d**3 + 6*d**2 + 5*d + 7. What is the units digit of g(-5)?
7
What is the units digit of (8/5)/((-56)/(-700))?
0
Let j be 1*((-2)/2 - -9). Let q be j/(-4) + (0 - 13). Let l = -7 - q. What is the units digit of l?
8
Let k(z) = -9*z**3 - 9*z**2 - 7*z - 1. Let f(n) = 4*n**3 + 5*n**2 + 3*n. Let o(q) = -7*f(q) - 3*k(q). What is the units digit of o(-8)?
3
Let b = 98 - 52. What is the units digit of b?
6
Suppose 3*v - 40 = v. What is the tens digit of v?
2
Let q be -11 - (-2 + 2 - 1). Let f = 14 + q. What is the units digit of f?
4
Let p = 35 + -31. What is the units digit of p?
4
Let v(m) = 2*m + 1. Let d be v(1). Suppose -d*u + 24 = -15. What is the tens digit of u?
1
Let l(i) = i + 1. Let c be l(1). Suppose -c*h - 27 = -125. What is the tens digit of h?
4
Suppose -h + 4*m + 124 = 0, -h - 2*m = 58 - 182. What is the units digit of h?
4
Let l be (-1)/3*(-12 + 3). Suppose -5*j + l*j = 8. What is the units digit of ((-36)/8)/(2/j)?
9
Let r(z) = 5*z - 15. Let p be r(10). Let c = p - 24. What is the tens digit of c?
1
What is the tens digit of (-9)/(-15) - 317/(-5)?
6
Let a = 41 - 21. Suppose -h = -6*h + a. Suppose 0 = -5*y + 4*y - 2*l + 4, y - h = 5*l. What is the units digit of y?
4
Let l = 10 + -7. Suppose -4*y = -l*z - 0*z + 31, y = 5*z + 5. What is the units digit of (y/(-4))/(3/6)?
5
Suppose p = -4*o - p + 24, -12 = -4*o - 5*p. Let w = 17 + o. What is the tens digit of w?
2
Suppose 0 = 3*d - 5*t - 424 - 126, 0 = -4*t + 16. What is the units digit of d?
0
Let c = 272 - 118. What is the tens digit of c?
5
Let a be (2/(-2))/(2/(-6)). Suppose b - 3 = -2*u - 0, -u + a = -b. What is the units digit of 6/2 + b - -17?
9
Suppose 0*z - 3*z = 2*w - 449, 4*z - 3*w = 576. What is the units digit of z?
7
What is the hundreds digit of (-1 - (-54)/30)*285?
2
Suppose 4*k - 3*z + 609 = 6*k, 4*k - 5*z - 1163 = 0. What is the hundreds digit of k?
2
Suppose 0 = -2*y + 3*y - 29. What is the tens digit of y?
2
Suppose -2*t + 75 + 47 = 0. What is the units digit of t?
1
Suppose 0 = 10*k - 4*k - 342. What is the units digit of k?
7
Let i = -1 + 66. Suppose -5*h + i = -0*h. Suppose -3*l = -5 - 1, 0 = -5*q + l + h. What is the units digit of q?
3
Let k = 292 - 158. What is the hundreds digit of k?
1
Let w(k) = k - 4. Let t = 2 - -3. What is the units digit of w(t)?
1
Let v be (-2)/3 + 99/27. What is the tens digit of 165/9 + v/(-9)?
1
Let a(r) = r**3 + 5*r**2 - r + 4. Let v be a(-4). Let q = 56 - v. What is the units digit of q?
2
Let x(y) = y**2 + 9. What is the tens digit of x(6)?
4
Suppose 112 = 3*c - 32. What is the tens digit of c?
4
Suppose -4*r = -20 - 8. Let p(q) = -q**3 + 8*q**2 - 5*q - 10. What is the units digit of p(r)?
4
Let j(z) = z**2 - z + 1. Let s(o) = 5*o**2 - 9*o + 11. Let c(u) = 6*j(u) - s(u). Let h be c(-5). Suppose 2*t - 9 = h. What is the units digit of t?
7
Let f be (0/5)/(-2 + 0). Suppose r + 2*r - 45 = f. What is the tens digit of r?
1
Let d = 44 - 29. Suppose 5*v = -20, -2*p - 3*v - d = -5*p. What is the units digit of p?
1
Suppose 3*b - 13 = -4. Suppose 0 = -b*f - 2*f. Suppose -5*u + 2*l + 80 = f, 4*u + 3*l + 32 = 6*u. What is the units digit of u?
6
Let z be (2 - 3)*(0 + 1). Let x be ((18/(-3))/1)/z. Suppose 0 = 5*o - 5*a + 5, -2*o - 3*a + 12 = -x. What is the units digit of o?
3
Let k(v) = 217*v**2. What is the hundreds digit of k(-1)?
2
Let v = -288 - -474. What is the hundreds digit of v?
1
Let m = 10 - 5. Suppose 2 + 8 = m*f. Suppose -2*r + 52 = f*r. What is the units digit of r?
3
Suppose 83 - 383 = -4*z. What is the tens digit of z?
7
Let q = -11 - -10. What is the units digit of q + (-2)/(4/(-42))?
0
Let b be (61 + 1)*3/6. Let d = -18 + b. What is the units digit of d?
3
Let j(a) = -a**3 + 6*a**2 - a + 5. Let p be j(6). Let g(h) = -h + 4. Let f be g(-4). Let b = p + f. What is the units digit of b?
7
Suppose 4*q - 92 = -4*t, 5*q + t = -0*t + 123. What is the units digit of q?
5
Let n = 136 - 91. Suppose -3*j = 2*m - 4 - n, 2*m = 4*j + 14. Suppose -2*c + 3 = -2*p + m, 7 = p + 5*c. What is the units digit of p?
7
Let b(f) be the third derivative of f**4/8 - f**3/3 - 2*f**2. What is the tens digit of b(5)?
1
Suppose a - 145 = -4*a + 5*z, 102 = 4*a + 3*z. What is the tens digit of a?
2
Suppose 5*n + 2 + 13 = 0. Let z(j) = -j**3 - 3*j**2 - 4*j + 1. What is the tens digit of z(n)?
1
What is the units digit of 9*(-5)/30*(-32)/6?
8
Suppose 3*v + 24 = 2*j + 7*v, j - 2*v = -8. Suppose 4*m - 158 = j. What is the units digit of m?
0
Let c(h) = h**2 - 13*h. Let z be c(12). Suppose 2*l = -5 - 5. Let p = l - z. What is the units digit of p?
7
Let p = 13 - 1. Suppose 4*j = j + p. Suppose j*k + 36 = h + 3*h, -3*h - 4*k = -34. What is the units digit of h?
0
Let g(y) = 2*y**3 - y - 4*y**3 + y**3 + 4. Let z be g(0). Suppose 2*j + 5*q + 1 = z*j, -5*j = -2*q - 13. What is the units digit of j?
3
Let f(p) = 25*p - 12. What is the tens digit of f(3)?
6
Let b(u) be the third derivative of u**4/12 - u**3/6 - 2*u**2. Let a be b(-2). Let k = a + 14. What is the units digit of k?
9
Let a(h) = 3 + 1 + h**2 - 9*h**3 + 8*h**3. What is the units digit of a(0)?
4
Let x(i) = -i**3 + 3*i**2 + 4*i - 4. Let b be x(3). Let n = 11 - b. Suppose -2*v + n*v = 8. What is the units digit of v?
8
Let c = -24 - -54. Let z(y) = 3*y - 3. Let s be z(3). Suppose -k = -s*k + c. What is the units digit of k?
6
Let s = -1 - -12. Let l(t) = t**3 - 5*t**2 + 2*t - 5. Let k be l(5). Suppose k = 4*y - s. What is the units digit of y?
4
Let l be (15/12)/((-2)/(-2664)). Suppose -l = 5*h - 2*h. What is the tens digit of 8/44 - h/33?
1
Suppose -4*b - w + 26 = 2*w, 4*b + w - 22 = 0. Let p = 5 - b. What is the units digit of (-15 + p)*(-2)/6?
5
What is the units digit of (2 + -1)/((-7)/(-154))?
2
Let p = 2 + -3. What is the units digit of p/(-4) - (-78)/8?
0
Let q be (-4)/(-2) + (-8)/(-2). What is the units digit of 3 - (-2)/(-6)*q?
1
Suppose -5*s = -9*s. Suppose s = 3*g - 4*g + 14. What is the units digit of g?
4
Let v = 14 + -23. Let f = -29 - -28. Let i = f - v. What is the units digit of i?
8
Let b(d) = -10*d - 7 + 6*d + 5*d. Let m be b(5). What is the tens digit of 18 + (m - 6/(-3))?
1
Let i = 162 + -74. What is the tens digit of i?
8
Let i(y) = y**3 + 10*y**2 + 10*y + 8. What is the units digit of i(-7)?
5
Let l = -7 + 11. Let i be (-1)/(-1) + (1 - -1). Suppose 4*t + 2*r - i*r - 29 = 0, l*t + 5*r - 47 = 0. What is the units digit of t?
8
What is the units digit of 15/20 + (-122)/(-8)?
6
Let j(v) = -2*v**2 - 5*v + 5. Let b(w) = 3*w**2 + 4*w - 5. Let r(h) = -3*b(h) - 4*j(h). Let q be (-3 - 1)*(-1 - 0). What is the tens digit of r(q)?
1
Let j be (0 - -1)*(-21)/(-7). Suppose 0*a = -3*a + j. What is the units digit of a?
1
Suppose -2*v + 95 = 21. What is the units digit of v?
7
Suppose -7*j + 22 = -6*j. What is the tens digit of j?
2
Let j(g) = -7*g**3 - 3*g**2 + g + 2. Let m be j(-2). Let z = m - 9. Let l = z - 24. What is the tens digit of l?
1
Suppose 4*s - 174 = 3*a, 5*s - 5*a - 166 = 54. What is the tens digit of s?
4
Let f(n) = -n**3 + 0 + 3*n**2 + 8*n - 2*n - 4. Let d be